n 626659 is divided by 208309?
1732
Calculate the remainder when 40360 is divided by 5045.
0
Calculate the remainder when 6593060 is divided by 3078.
3062
Calculate the remainder when 4782680 is divided by 24.
8
What is the remainder when 687871 is divided by 64?
63
What is the remainder when 61778 is divided by 6654?
1892
What is the remainder when 10049780 is divided by 151?
126
What is the remainder when 224927 is divided by 19876?
6291
What is the remainder when 1749753 is divided by 48?
9
Calculate the remainder when 3833338 is divided by 143.
80
Calculate the remainder when 1192301 is divided by 2361.
2357
Calculate the remainder when 2150327 is divided by 8777.
8739
What is the remainder when 20437542 is divided by 659274?
48
What is the remainder when 190956 is divided by 773?
25
What is the remainder when 729252 is divided by 561?
513
Calculate the remainder when 110587089 is divided by 1276.
1273
What is the remainder when 8457311 is divided by 429?
5
What is the remainder when 4602689 is divided by 1891?
1886
What is the remainder when 34059566 is divided by 12287?
2
What is the remainder when 2624828 is divided by 2507?
2506
What is the remainder when 1595902 is divided by 113993?
0
What is the remainder when 5967866 is divided by 289?
16
What is the remainder when 38811438 is divided by 150?
138
What is the remainder when 768240 is divided by 97?
0
What is the remainder when 24163 is divided by 1007?
1002
What is the remainder when 1678078 is divided by 1678076?
2
Calculate the remainder when 439678 is divided by 683.
509
What is the remainder when 817043 is divided by 62847?
32
Calculate the remainder when 9010058 is divided by 480.
458
Calculate the remainder when 388399 is divided by 127266.
6601
Calculate the remainder when 279428 is divided by 279249.
179
Calculate the remainder when 68675 is divided by 2745.
50
What is the remainder when 39099230 is divided by 54?
44
What is the remainder when 587051 is divided by 6?
5
Calculate the remainder when 255764 is divided by 31755.
1724
Calculate the remainder when 2249134 is divided by 2249072.
62
Calculate the remainder when 603276 is divided by 11828.
48
Calculate the remainder when 1780225 is divided by 19.
1
What is the remainder when 14034464 is divided by 81124?
12
Calculate the remainder when 1135725 is divided by 22.
19
What is the remainder when 121295 is divided by 1375?
295
Calculate the remainder when 7685 is divided by 1293.
1220
What is the remainder when 518810 is divided by 172883?
161
What is the remainder when 2345580 is divided by 430?
360
Calculate the remainder when 14997885 is divided by 1142.
1141
Calculate the remainder when 1243051 is divided by 10809.
16
Calculate the remainder when 6992 is divided by 1800.
1592
What is the remainder when 384568 is divided by 574?
562
What is the remainder when 6459556 is divided by 447?
406
Calculate the remainder when 5023695 is divided by 3528.
3351
Calculate the remainder when 15236476 is divided by 252.
52
Calculate the remainder when 38342042 is divided by 12780675.
17
What is the remainder when 3563747 is divided by 311?
309
Calculate the remainder when 13633918 is divided by 31.
25
Calculate the remainder when 268941 is divided by 7483.
7036
What is the remainder when 805808 is divided by 19620?
1388
What is the remainder when 1427927 is divided by 285579?
32
Calculate the remainder when 3186994 is divided by 23.
22
Calculate the remainder when 13751937 is divided by 115.
7
What is the remainder when 8815784 is divided by 181?
179
What is the remainder when 3605627 is divided by 4178?
13
What is the remainder when 25861 is divided by 1990?
1981
Calculate the remainder when 17726312 is divided by 135.
2
Calculate the remainder when 341340 is divided by 1169.
1161
What is the remainder when 5471757 is divided by 6?
3
Calculate the remainder when 2085143 is divided by 51.
8
What is the remainder when 8571794 is divided by 535?
24
Calculate the remainder when 82962 is divided by 17.
2
What is the remainder when 54582 is divided by 761?
551
Calculate the remainder when 9773 is divided by 3254.
11
Calculate the remainder when 44982 is divided by 5355.
2142
Calculate the remainder when 59457 is divided by 19813.
18
What is the remainder when 3996890 is divided by 587?
7
Calculate the remainder when 53967238 is divided by 11732.
38
Calculate the remainder when 142753308 is divided by 1007.
988
What is the remainder when 290307 is divided by 70?
17
Calculate the remainder when 22282268 is divided by 696319.
60
What is the remainder when 16696602 is divided by 7424?
26
What is the remainder when 37691037 is divided by 510?
507
What is the remainder when 46939248 is divided by 4665?
18
Calculate the remainder when 31023 is divided by 3327.
1080
What is the remainder when 9020521 is divided by 249?
247
What is the remainder when 60645604 is divided by 798?
796
Calculate the remainder when 21072441 is divided by 135.
21
What is the remainder when 25577994 is divided by 70?
64
Calculate the remainder when 601402639 is divided by 21.
19
Calculate the remainder when 10616824 is divided by 663551.
8
What is the remainder when 16363467 is divided by 1041?
1029
What is the remainder when 8898479 is divided by 240499?
16
Calculate the remainder when 262164 is divided by 28820.
2784
Calculate the remainder when 114452 is divided by 33023.
15383
What is the remainder when 780744 is divided by 37173?
111
Calculate the remainder when 63619 is divided by 15901.
15
Calculate the remainder when 14450953 is divided by 11325.
253
What is the remainder when 388509 is divided by 4922?
4593
What is the remainder when 923138 is divided by 4365?
2123
What is the remainder when 707650 is divided by 353797?
56
What is the remainder when 43633213 is divided by 64?
61
What is the remainder when 195155 is divided by 64957?
284
Calculate the remainder when 3629496 is divided by 907330.
176
Calculate the remainder when 48571 is divided by 8523.
5956
What is the remainder when 157071 is divided by 1333?
1110
Calculate the remainder when 276747 is divided by 69135.
207
What is the remainder when 51740137 is divided by 25870060?
17
Calculate the remainder when 2744050 is divided by 1449.
1093
What is the remainder when 12953904 is divided by 354?
336
Calculate the remainder when 939613 is divided by 2610.
13
What is the remainder when 5398146 is divided by 2098?
2090
Calculate the remainder when 24269 is divided by 315.
14
Calculate the remainder when 4533019 is divided by 13101.
73
What is the remainder when 230819 is divided by 61?
56
What is the remainder when 21543348 is divided by 7181097?
57
Calculate the remainder when 29068773 is divided by 254.
251
What is the remainder when 512068 is divided by 127928?
356
What is the remainder when 118587 is divided by 1264?
1035
Calculate the remainder when 162615173 is divided by 575.
573
What is the remainder when 631715 is divided by 631671?
44
What is the remainder when 519619 is divided by 173173?
100
What is the remainder when 32170 is divided by 495?
490
What is the remainder when 237690 is divided by 118744?
202
What is the remainder when 256960 is divided by 127359?
2242
Calculate the remainder when 957555 is divided by 39897.
27
Calculate the remainder when 1921652 is divided by 3203.
3055
Calculate the remainder when 124002 is divided by 123998.
4
Calculate the remainder when 4020793 is divided by 52905.
13
What is the remainder when 337455175 is divided by 113?
111
What is the remainder when 29778 is divided by 1178?
328
What is the remainder when 87019 is divided by 1188?
295
Calculate the remainder when 4209335 is divided by 3499.
38
Calculate the remainder when 1165400 is divided by 182.
54
Calculate the remainder when 2431016 is divided by 1375.
16
What is the remainder when 13042 is divided by 25?
17
What is the remainder when 39353 is divided by 1229?
25
What is the remainder when 520345 is divided by 265?
150
What is the remainder when 130933392 is divided by 896804?
8
What is the remainder when 44798 is divided by 1243?
50
What is the remainder when 5067 is divided by 539?
216
Calculate the remainder when 25707850 is divided by 110.
80
What is the remainder when 779330 is divided by 2513